 of 12750?
True
Is 2157627 a multiple of 67?
False
Does 14 divide 1086862?
True
Is 193 a factor of 2366759?
True
Is 5101487 a multiple of 6?
False
Does 75 divide 21083481?
False
Is 6949932 a multiple of 33?
True
Is 2038268 a multiple of 7?
False
Does 1662 divide 9009702?
True
Is 30 a factor of 36510?
True
Is 8 a factor of 807687?
False
Is 1455693 a multiple of 17?
True
Is 47 a factor of 223955?
True
Is 37 a factor of 1275551?
False
Is 496 a factor of 1688384?
True
Does 6 divide 888282?
True
Is 29 a factor of 601909?
False
Does 6 divide 2909659?
False
Is 800 a factor of 2282400?
True
Does 33 divide 6012039?
True
Is 6 a factor of 2196835?
False
Is 1973947 a multiple of 42?
False
Does 555 divide 475080?
True
Is 24 a factor of 576461?
False
Is 721 a factor of 242256?
True
Is 834742 a multiple of 2?
True
Does 181 divide 775950?
False
Is 6510944 a multiple of 698?
True
Is 218115 a multiple of 111?
True
Is 234433 a multiple of 67?
True
Is 123 a factor of 135423?
True
Does 19 divide 827013?
True
Is 1183 a factor of 7618520?
True
Is 7909798 a multiple of 7?
False
Does 107 divide 2406002?
True
Does 52 divide 6401749?
False
Is 44 a factor of 1089088?
True
Is 16515 a multiple of 3?
True
Does 6 divide 530212?
False
Does 34 divide 798388?
True
Is 469940 a multiple of 28?
False
Is 410 a factor of 263994?
False
Does 34 divide 144402?
False
Is 804924 a multiple of 54?
True
Does 496 divide 492261?
False
Is 1356776 a multiple of 74?
False
Does 488 divide 83280?
False
Is 130 a factor of 7150?
True
Is 539714 a multiple of 67?
False
Is 170791 a multiple of 29?
False
Is 518 a factor of 3699038?
True
Does 21 divide 4873365?
True
Does 2 divide 29914?
True
Is 27362 a multiple of 68?
False
Is 29 a factor of 1516964?
False
Is 3884149 a multiple of 31?
False
Does 401 divide 1690215?
True
Is 18 a factor of 354515?
False
Is 9699423 a multiple of 19?
False
Does 16 divide 189288?
False
Does 16 divide 679363?
False
Does 104 divide 5801224?
True
Is 19 a factor of 1689784?
True
Is 355296 a multiple of 48?
True
Is 5241808 a multiple of 286?
True
Is 269072 a multiple of 67?
True
Is 115010 a multiple of 31?
True
Is 14 a factor of 88031?
False
Is 4 a factor of 84488?
True
Is 284 a multiple of 23?
False
Is 35 a factor of 340403?
False
Is 10 a factor of 4721324?
False
Does 177 divide 103722?
True
Does 48 divide 85871?
False
Is 108 a factor of 5107320?
True
Is 352 a factor of 13830114?
False
Is 96 a factor of 9298656?
True
Does 76 divide 90250?
False
Is 8479612 a multiple of 108?
False
Is 948453 a multiple of 59?
False
Is 1568168 a multiple of 28?
True
Does 595 divide 170765?
True
Does 209 divide 553432?
True
Is 632373 a multiple of 16?
False
Is 1345862 a multiple of 18?
False
Is 322 a factor of 2996467?
False
Is 7 a factor of 11613464?
False
Is 880020 a multiple of 453?
False
Does 10 divide 3942310?
True
Is 59 a factor of 4195726?
True
Is 7 a factor of 4274467?
False
Is 16 a factor of 2416932?
False
Is 53 a factor of 1058092?
True
Is 128977 a multiple of 10?
False
Is 14 a factor of 262416?
True
Does 5 divide 26595?
True
Does 179 divide 316779?
False
Does 174 divide 659808?
True
Is 68773 a multiple of 349?
False
Is 11158364 a multiple of 854?
True
Does 145 divide 1005773?
False
Is 61608 a multiple of 408?
True
Is 175055 a multiple of 244?
False
Is 20 a factor of 493598?
False
Is 36 a factor of 319500?
True
Is 21643425 a multiple of 225?
True
Is 589 a factor of 5216773?
True
Is 23 a factor of 2289265?
False
Is 559 a factor of 186719?
False
Is 214 a factor of 147446?
True
Is 6491117 a multiple of 236?
False
Is 7583016 a multiple of 12?
True
Is 230025 a multiple of 127?
False
Is 697085 a multiple of 861?
False
Is 1860744 a multiple of 246?
True
Is 555849 a multiple of 51?
True
Is 447 a factor of 277889?
False
Does 12 divide 4617310?
False
Is 9 a factor of 162431?
False
Is 14 a factor of 83334?
False
Is 307 a factor of 26877219?
False
Is 1428677 a multiple of 39?
False
Is 14 a factor of 5947004?
True
Does 16 divide 945712?
True
Is 414 a factor of 4993542?
False
Is 105588 a multiple of 98?
False
Is 105 a factor of 1113580?
False
Is 25787 a multiple of 24?
False
Is 145948 a multiple of 31?
True
Is 79 even?
False
Is 21197 a multiple of 11?
True
Does 16 divide 195527?
False
Is 367003 a multiple of 37?
True
Is 7279552 a multiple of 8?
True
Is 59122 a multiple of 41?
True
Does 62 divide 47215?
False
Does 549 divide 353192?
False
Does 159 divide 15402161?
False
Does 129 divide 55599?
True
Does 12 divide 6732?
True
Does 8 divide 1602565?
False
Does 13 divide 29744?
True
Is 91 a factor of 196833?
True
Does 330 divide 2225646?
False
Is 705 a factor of 3762161?
False
Is 39 a factor of 2157431?
False
Is 540835 a multiple of 326?
False
Is 152216 a multiple of 106?
True
Is 84989 a multiple of 10?
False
Is 78 a factor of 9369672?
True
Is 35 a factor of 156695?
True
Does 13 divide 15604?
False
Does 212 divide 3609359?
False
Is 692544 a multiple of 58?
False
Is 8 a factor of 2118192?
True
Is 431145 a multiple of 99?
True
Does 1495 divide 21864375?
True
Is 7 a factor of 39987?
False
Is 2155370 a multiple of 35?
True
Is 415495 a multiple of 115?
True
Is 58938 a multiple of 4?
False
Is 583 a factor of 978919?
False
Is 2 a factor of 617977?
False
Does 429 divide 9403618?
False
Is 155160 a multiple of 72?
True
Is 12 a factor of 77940?
True
Does 5 divide 4822985?
True
Is 54 a factor of 2743632?
True
Is 21 a factor of 398474?
False
Is 3 a factor of 74504?
False
Does 182 divide 71467?
False
Is 884999 a multiple of 4?
False
Is 3008778 a multiple of 6?
True
Does 301 divide 146978?
False
Is 2 a factor of 120995?
False
Is 639 a factor of 10809963?
True
Does 7 divide 1876054?
False
Does 40 divide 838880?
True
Is 18510 even?
True
Is 25 a factor of 1656357?
False
Does 162 divide 1961334?
True
Is 47 a factor of 65283?
True
Is 8 a factor of 2962?
False
Is 235341 a multiple of 113?
False
Is 17 a factor of 203541?
True
Is 255 a factor of 565335?
True
Is 323 a factor of 8037967?
False
Is 76323 a multiple of 33?
False
Does 30 divide 18294356?
False
Is 23 a factor of 15342627?
False
Is 27 a factor of 2784807?
True
Does 242 divide 1452?
True
Does 591 divide 693671?
False
Does 33 divide 717057?
True
Is 123410 a multiple of 602?
True
Does 173 divide 834725?
True
Is 226 a factor of 150516?
True
Is 358360 a multiple of 170?
True
Is 769 a factor of 2906051?
True
Is 323 a factor of 304970?
False
Does 20 divide 132060?
True
Does 7 divide 62590?
False
Is 148 a factor of 81252?
True
Is 1274320 a multiple of 85?
True
Does 11 divide 229548?
True
Is 46 a factor of 806656?
True
Is 31757 a multiple of 2?
False
Is 448 a factor of 61060?
False
Is 1348570 a multiple of 15?
False
Is 31698 a multiple of 2?
True
Is 1895289 a multiple of 29?
False
Is 40217 a multiple of 5?
False
Is 159337 a multiple of 145?
False
Is 13 a factor of 292110?
True
Is 1770769 a multiple of 1001?
True
Is 2483801 a multiple of 638?
False
Does 384 divide 694558?
False
Does 42 divide 332808?
True
Is 8402639 a multiple of 163?
False
Is 21 a factor of 579873?
True
Is 672182 a multiple of 49?
True
Does 1315 divide 327435?
True
Is 48 a factor of 5472?
True
Does 177 divide 12153882?
True
Is 733623 a multiple of 473?
True
Does 294 divide 163716?
False
Does 3 divide 325266?
True
Is 118 a factor of 14965114?
True
Does 3 divide 291525?
True
Is 785088 a multiple of 64?
True
Does 204 divide 18570996?
False
Is 16 a factor of 38944?
True
Is 1149337 a multiple of 199?
False
Is 411720 a multiple of 27?
False
Is 2 a factor of 7874?
True
Does 446 divide 1377248?
True
Is 31145 a multiple of 21?
False
Is 288 a factor of 4184352?
True
Does 456 divide 123115?
False
Is 4761066 a multiple of 208?
False
Does 361 divide 2247666?
False
Does 22 divide 168749?
False
Is 6176619 a multiple of 519?
True
Is 109196 a multiple of 17?
False
Is 31 a factor of 1662384?
False
Is 257246 a multiple of 242?
True
Does 40 divide 1133487?
False
Is 61 a factor of 7768870?
False
Does 244 divide 11384064?
True
Is 29019 a multiple of 9?
False
Is 814366 a multiple of 96?
False
Does 529 divide 15887457?
True
Is 25 a factor of 306625?
True
Does 98 divide 3462394?
False
Is 59508 a multiple of 116?
True
Does 414 divide 3899052?
True
Is 2897505 a multiple of 1651?
True
Is 126340 a multiple of 102?
False
Does 27 divide 3156